{"id":11525,"date":"2021-11-22T15:39:30","date_gmt":"2021-11-22T15:39:30","guid":{"rendered":"https:\/\/ssvp.ca\/publications\/ssvp-175e-anniversaire\/"},"modified":"2021-11-22T15:39:30","modified_gmt":"2021-11-22T15:39:30","slug":"ssvp-175e-anniversaire","status":"publish","type":"publications","link":"https:\/\/ssvp.ca\/fr\/publications\/ssvp-175e-anniversaire\/","title":{"rendered":"SSVP 175e anniversaire"},"content":{"rendered":"<p>La Soci\u00e9t\u00e9 de Saint-Vincent de Paul du Canada f\u00eate cette ann\u00e9e\u00a0son 175e\u00a0anniversaire.\u00a0\u00a0La Conf\u00e9rence Notre-Dame-de-Qu\u00e9bec fut fond\u00e9e le 12 novembre\u00a01846 par le Dr. Joseph Painchaud. Pour cette occasion, une\u00a0messe sera c\u00e9l\u00e9br\u00e9e au Monast\u00e8re des Augustines \u00e0 Qu\u00e9bec. Plus de d\u00e9tails seront annonc\u00e9s dans\u00a0nos\u00a0prochaines infolettres.<\/p>\n","protected":false},"excerpt":{"rendered":"<p>La Soci\u00e9t\u00e9 de Saint-Vincent de Paul du Canada f\u00eate cette ann\u00e9e\u00a0son 175e\u00a0anniversaire.\u00a0\u00a0La Conf\u00e9rence Notre-Dame-de-Qu\u00e9bec fut fond\u00e9e le 12 novembre\u00a01846 par le Dr. Joseph Painchaud. Pour cette occasion, une\u00a0messe sera c\u00e9l\u00e9br\u00e9e au Monast\u00e8re des Augustines \u00e0 Qu\u00e9bec. Plus de d\u00e9tails seront annonc\u00e9s dans\u00a0nos\u00a0prochaines infolettres.<\/p>\n","protected":false},"featured_media":0,"template":"","publication-category":[67],"class_list":["post-11525","publications","type-publications","status-publish","hentry","publication-category-nouvelles"],"acf":[],"_links":{"self":[{"href":"https:\/\/ssvp.ca\/fr\/wp-json\/wp\/v2\/publications\/11525","targetHints":{"allow":["GET"]}}],"collection":[{"href":"https:\/\/ssvp.ca\/fr\/wp-json\/wp\/v2\/publications"}],"about":[{"href":"https:\/\/ssvp.ca\/fr\/wp-json\/wp\/v2\/types\/publications"}],"wp:attachment":[{"href":"https:\/\/ssvp.ca\/fr\/wp-json\/wp\/v2\/media?parent=11525"}],"wp:term":[{"taxonomy":"publication-category","embeddable":true,"href":"https:\/\/ssvp.ca\/fr\/wp-json\/wp\/v2\/publication-category?post=11525"}],"curies":[{"name":"wp","href":"https:\/\/api.w.org\/{rel}","templated":true}]}}

<p>La Société de Saint-Vincent de Paul du Canada fête cette année son 175e anniversaire.  La Conférence Notre-Dame-de-Québec fut fondée le 12 novembre 1846 par le Dr. Joseph Painchaud. Pour cette occasion, une messe sera célébrée au Monastère des Augustines à Québec. Plus de détails seront annoncés dans nos prochaines infolettres.</p>
