{"id":11437,"date":"2021-11-19T17:28:28","date_gmt":"2021-11-19T17:28:28","guid":{"rendered":"https:\/\/ssvp.ca\/publications\/journee-mondiale-des-pauvres\/"},"modified":"2021-11-19T17:28:28","modified_gmt":"2021-11-19T17:28:28","slug":"journee-mondiale-des-pauvres","status":"publish","type":"publications","link":"https:\/\/ssvp.ca\/fr\/publications\/journee-mondiale-des-pauvres\/","title":{"rendered":"Journ\u00e9e mondiale des pauvres"},"content":{"rendered":"<p>Dans le cadre de la pr\u00e9paration de la prochaine Journ\u00e9e mondiale des pauvres 2020, afin de mieux c\u00e9l\u00e9brer cette journ\u00e9e remarquable pour nous, notre Pr\u00e9sident G\u00e9n\u00e9ral, Renato Lima de Oliveira, a \u00e9t\u00e9 d\u00e9sign\u00e9 par la Famille Vincentienne pour coordonner le processus de choix d\u2019une activit\u00e9 ou un \u00e9v\u00e9nement \u00e0 r\u00e9aliser ce jour-l\u00e0, en partenariat avec toutes les branches de la Famille Vincentienne.<\/p>\n<p>Comme l&rsquo;a dit le Pape Fran\u00e7ois: \u00ab\u00a0Je voulais offrir \u00e0 l&rsquo;\u00c9glise la Journ\u00e9e mondiale des pauvres, un signe concret de la charit\u00e9 du Christ pour ceux qui en ont le plus besoin\u00a0\u00bb.<\/p>\n<p>Nous vous serions donc tr\u00e8s reconnaissants de bien vouloir envoyer au Conseil g\u00e9n\u00e9ral &#8211;\u00a0<a href=\"mailto:cgi.admin@ssvpglobal.org\">cgi.admin@ssvpglobal.org<\/a>\u00a0des suggestions d&rsquo;activit\u00e9s ou d&rsquo;\u00e9v\u00e9nements concrets \u00e0 mettre en \u0153uvre par nos conf\u00e9rences, nos conseils, ainsi que nos \u0153uvres sp\u00e9ciales.<\/p>\n<p>Veuillez envoyer vos suggestions avant le 31 mars 2020.<\/p>\n","protected":false},"excerpt":{"rendered":"<p>Dans le cadre de la pr\u00e9paration de la prochaine Journ\u00e9e mondiale des pauvres 2020, afin de mieux c\u00e9l\u00e9brer cette journ\u00e9e remarquable pour nous, notre Pr\u00e9sident G\u00e9n\u00e9ral, Renato Lima de Oliveira, a \u00e9t\u00e9 d\u00e9sign\u00e9 par la Famille Vincentienne pour coordonner le processus de choix d\u2019une activit\u00e9 ou un \u00e9v\u00e9nement \u00e0 r\u00e9aliser ce jour-l\u00e0, en partenariat avec [&hellip;]<\/p>\n","protected":false},"featured_media":0,"template":"","publication-category":[67],"class_list":["post-11437","publications","type-publications","status-publish","hentry","publication-category-nouvelles"],"acf":[],"_links":{"self":[{"href":"https:\/\/ssvp.ca\/fr\/wp-json\/wp\/v2\/publications\/11437","targetHints":{"allow":["GET"]}}],"collection":[{"href":"https:\/\/ssvp.ca\/fr\/wp-json\/wp\/v2\/publications"}],"about":[{"href":"https:\/\/ssvp.ca\/fr\/wp-json\/wp\/v2\/types\/publications"}],"wp:attachment":[{"href":"https:\/\/ssvp.ca\/fr\/wp-json\/wp\/v2\/media?parent=11437"}],"wp:term":[{"taxonomy":"publication-category","embeddable":true,"href":"https:\/\/ssvp.ca\/fr\/wp-json\/wp\/v2\/publication-category?post=11437"}],"curies":[{"name":"wp","href":"https:\/\/api.w.org\/{rel}","templated":true}]}}

Journée mondiale des pauvres

<p>Dans le cadre de la préparation de la prochaine Journée mondiale des pauvres 2020, afin de mieux célébrer cette journée remarquable pour nous, notre Président Général, Renato Lima de Oliveira, a été désigné par la Famille Vincentienne pour coordonner le processus de choix d’une activité ou un événement à réaliser ce jour-là, en partenariat avec toutes les branches de la Famille Vincentienne.</p>
<p>Comme l&rsquo;a dit le Pape François: « Je voulais offrir à l&rsquo;Église la Journée mondiale des pauvres, un signe concret de la charité du Christ pour ceux qui en ont le plus besoin ».</p>
<p>Nous vous serions donc très reconnaissants de bien vouloir envoyer au Conseil général &#8211; <a href="mailto:cgi.admin@ssvpglobal.org">cgi.admin@ssvpglobal.org</a> des suggestions d&rsquo;activités ou d&rsquo;événements concrets à mettre en œuvre par nos conférences, nos conseils, ainsi que nos œuvres spéciales.</p>
<p>Veuillez envoyer vos suggestions avant le 31 mars 2020.</p>

<p>Dans le cadre de la préparation de la prochaine Journée mondiale des pauvres 2020, afin de mieux célébrer cette journée remarquable pour nous, notre Président Général, Renato Lima de Oliveira, a été désigné par la Famille Vincentienne pour coordonner le processus de choix d’une activité ou un événement à réaliser ce jour-là, en partenariat avec [&hellip;]</p>
