{"id":11355,"date":"2021-11-19T16:47:55","date_gmt":"2021-11-19T16:47:55","guid":{"rendered":"https:\/\/ssvp.ca\/publications\/nouvelles-internationales\/"},"modified":"2021-11-19T16:47:55","modified_gmt":"2021-11-19T16:47:55","slug":"nouvelles-internationales","status":"publish","type":"publications","link":"https:\/\/ssvp.ca\/fr\/publications\/nouvelles-internationales\/","title":{"rendered":"NOUVELLES INTERNATIONALES"},"content":{"rendered":"<p><strong>Le Conseil g\u00e9n\u00e9ral international a institu\u00e9 une m\u00e9daille appel\u00e9e\u00a0\u00ab Charit\u00e9 dans l\u2019Esp\u00e9rance \u00bb.<\/strong><br \/>\nLa Soci\u00e9t\u00e9 de Saint-Vincent de Paul souhaite reconna\u00eetre,sur le plan international les m\u00e9rites des personnes ou institutions qui mettent en oeuvre des actions au profit des plus pauvres dans le monde.<br \/>\nLa date butoir pour l\u2019envoi de candidatures a \u00e9t\u00e9 fix\u00e9e au 15 mars 2019.<br \/>\nVeuillez contacter le Conseil national du Canada SSVP pour plus d&rsquo;informations:\u00a0<a href=\"mailto:national@ssvp.ca\">national@ssvp.ca<\/a><\/p>\n<p><strong>Le Conseil g\u00e9n\u00e9ral international a \u00e9galement lanc\u00e9 le concours international : \u00c9tudes sur Lamache<\/strong><br \/>\nAfin de comm\u00e9morer de mani\u00e8re toute sp\u00e9ciale \u00ab\u00a0l\u2019ann\u00e9e internationale consacr\u00e9e \u00e0 Paul Lamache\u00a0\u00bb, le Conseil G\u00e9n\u00e9ral lance le Concours litt\u00e9raire international \u00ab\u00a0La Premi\u00e8re Conf\u00e9rence\u00a0\u00bb.<br \/>\nCliquez ici pour plus d&rsquo;informations:\u00a0\u00a0<a href=\"https:\/\/www.ssvpglobal.org\/actualite\/etudes-sur-lamache-le-conseil-general-lance-le-concours-international\/\">https:\/\/www.ssvpglobal.org\/actualite\/etudes-sur-lamache-le-conseil-gener&#8230;<\/a><\/p>\n","protected":false},"excerpt":{"rendered":"<p>Le Conseil g\u00e9n\u00e9ral international a institu\u00e9 une m\u00e9daille appel\u00e9e\u00a0\u00ab Charit\u00e9 dans l\u2019Esp\u00e9rance \u00bb. La Soci\u00e9t\u00e9 de Saint-Vincent de Paul souhaite reconna\u00eetre,sur le plan international les m\u00e9rites des personnes ou institutions qui mettent en oeuvre des actions au profit des plus pauvres dans le monde. La date butoir pour l\u2019envoi de candidatures a \u00e9t\u00e9 fix\u00e9e au [&hellip;]<\/p>\n","protected":false},"featured_media":0,"template":"","publication-category":[67],"class_list":["post-11355","publications","type-publications","status-publish","hentry","publication-category-nouvelles"],"acf":[],"_links":{"self":[{"href":"https:\/\/ssvp.ca\/fr\/wp-json\/wp\/v2\/publications\/11355","targetHints":{"allow":["GET"]}}],"collection":[{"href":"https:\/\/ssvp.ca\/fr\/wp-json\/wp\/v2\/publications"}],"about":[{"href":"https:\/\/ssvp.ca\/fr\/wp-json\/wp\/v2\/types\/publications"}],"wp:attachment":[{"href":"https:\/\/ssvp.ca\/fr\/wp-json\/wp\/v2\/media?parent=11355"}],"wp:term":[{"taxonomy":"publication-category","embeddable":true,"href":"https:\/\/ssvp.ca\/fr\/wp-json\/wp\/v2\/publication-category?post=11355"}],"curies":[{"name":"wp","href":"https:\/\/api.w.org\/{rel}","templated":true}]}}

<p><strong>Le Conseil général international a institué une médaille appelée « Charité dans l’Espérance ».</strong><br />
La Société de Saint-Vincent de Paul souhaite reconnaître,sur le plan international les mérites des personnes ou institutions qui mettent en oeuvre des actions au profit des plus pauvres dans le monde.<br />
La date butoir pour l’envoi de candidatures a été fixée au 15 mars 2019.<br />
Veuillez contacter le Conseil national du Canada SSVP pour plus d&rsquo;informations: <a href="mailto:national@ssvp.ca">national@ssvp.ca</a></p>
<p><strong>Le Conseil général international a également lancé le concours international : Études sur Lamache</strong><br />
Afin de commémorer de manière toute spéciale « l’année internationale consacrée à Paul Lamache », le Conseil Général lance le Concours littéraire international « La Première Conférence ».<br />
Cliquez ici pour plus d&rsquo;informations:  <a href="https://www.ssvpglobal.org/actualite/etudes-sur-lamache-le-conseil-general-lance-le-concours-international/">https://www.ssvpglobal.org/actualite/etudes-sur-lamache-le-conseil-gener&#8230;</a></p>

<p>Le Conseil général international a institué une médaille appelée « Charité dans l’Espérance ». La Société de Saint-Vincent de Paul souhaite reconnaître,sur le plan international les mérites des personnes ou institutions qui mettent en oeuvre des actions au profit des plus pauvres dans le monde. La date butoir pour l’envoi de candidatures a été fixée au [&hellip;]</p>
