{"id":11256,"date":"2021-11-19T15:23:41","date_gmt":"2021-11-19T15:23:41","guid":{"rendered":"https:\/\/ssvp.ca\/publications\/soeur-lucille-nantel\/"},"modified":"2021-11-19T15:23:41","modified_gmt":"2021-11-19T15:23:41","slug":"soeur-lucille-nantel","status":"publish","type":"publications","link":"https:\/\/ssvp.ca\/fr\/publications\/soeur-lucille-nantel\/","title":{"rendered":"Soeur Lucille Nantel"},"content":{"rendered":"<p>\u00c0 Montr\u00e9al, le 2 f\u00e9vrier 2017, \u00e0 l\u2019\u00e2ge de 97 ans, est d\u00e9c\u00e9d\u00e9e S\u0153ur Lucille Nantel, (S\u0153ur Marie-Lucille-de-la-Croix) de la Congr\u00e9gation de Sainte-Croix.\u00a0 S\u0153ur Lucille s\u2019est d\u00e9vou\u00e9e pendant pr\u00e8s de 50 ans au vestiaire de la Soci\u00e9t\u00e9 de Saint-Vincent de Paul de la paroisse Saint-Laurent.\u00a0 S\u0153ur Lucille a assist\u00e9 \u00e0 plusieurs AGA du Conseil national et \u00e9tait bien appr\u00e9ci\u00e9e des Vincentiens canadiens.<\/p>\n","protected":false},"excerpt":{"rendered":"<p>\u00c0 Montr\u00e9al, le 2 f\u00e9vrier 2017, \u00e0 l\u2019\u00e2ge de 97 ans, est d\u00e9c\u00e9d\u00e9e S\u0153ur Lucille Nantel, (S\u0153ur Marie-Lucille-de-la-Croix) de la Congr\u00e9gation de Sainte-Croix.\u00a0 S\u0153ur Lucille s\u2019est d\u00e9vou\u00e9e pendant pr\u00e8s de 50 ans au vestiaire de la Soci\u00e9t\u00e9 de Saint-Vincent de Paul de la paroisse Saint-Laurent.\u00a0 S\u0153ur Lucille a assist\u00e9 \u00e0 plusieurs AGA du Conseil national [&hellip;]<\/p>\n","protected":false},"featured_media":0,"template":"","publication-category":[67],"class_list":["post-11256","publications","type-publications","status-publish","hentry","publication-category-nouvelles"],"acf":[],"_links":{"self":[{"href":"https:\/\/ssvp.ca\/fr\/wp-json\/wp\/v2\/publications\/11256","targetHints":{"allow":["GET"]}}],"collection":[{"href":"https:\/\/ssvp.ca\/fr\/wp-json\/wp\/v2\/publications"}],"about":[{"href":"https:\/\/ssvp.ca\/fr\/wp-json\/wp\/v2\/types\/publications"}],"wp:attachment":[{"href":"https:\/\/ssvp.ca\/fr\/wp-json\/wp\/v2\/media?parent=11256"}],"wp:term":[{"taxonomy":"publication-category","embeddable":true,"href":"https:\/\/ssvp.ca\/fr\/wp-json\/wp\/v2\/publication-category?post=11256"}],"curies":[{"name":"wp","href":"https:\/\/api.w.org\/{rel}","templated":true}]}}

<p>À Montréal, le 2 février 2017, à l’âge de 97 ans, est décédée Sœur Lucille Nantel, (Sœur Marie-Lucille-de-la-Croix) de la Congrégation de Sainte-Croix.  Sœur Lucille s’est dévouée pendant près de 50 ans au vestiaire de la Société de Saint-Vincent de Paul de la paroisse Saint-Laurent.  Sœur Lucille a assisté à plusieurs AGA du Conseil national et était bien appréciée des Vincentiens canadiens.</p>

<p>À Montréal, le 2 février 2017, à l’âge de 97 ans, est décédée Sœur Lucille Nantel, (Sœur Marie-Lucille-de-la-Croix) de la Congrégation de Sainte-Croix.  Sœur Lucille s’est dévouée pendant près de 50 ans au vestiaire de la Société de Saint-Vincent de Paul de la paroisse Saint-Laurent.  Sœur Lucille a assisté à plusieurs AGA du Conseil national [&hellip;]</p>
