{"id":11171,"date":"2021-11-18T16:54:08","date_gmt":"2021-11-18T16:54:08","guid":{"rendered":"https:\/\/ssvp.ca\/publications\/les-temps-changent-janvier-2020\/"},"modified":"2021-11-18T16:54:08","modified_gmt":"2021-11-18T16:54:08","slug":"les-temps-changent-janvier-2020","status":"publish","type":"publications","link":"https:\/\/ssvp.ca\/fr\/publications\/les-temps-changent-janvier-2020\/","title":{"rendered":"Les Temps Changent &#8211; Janvier 2020"},"content":{"rendered":"<p align=\"center\"><strong>Un logement sain, s\u00e9curitaire et abordable est un droit fondamental<\/strong><\/p>\n<p>Un rapport de 2016 du Comit\u00e9 des Nations Unies sur les droits \u00e9conomiques, sociaux et culturels a critiqu\u00e9 le Canada pour sa \u00ab\u00a0crise persistante du logement\u00a0\u00bb. De plus, en 2017, Statistique Canada a r\u00e9v\u00e9l\u00e9 que plus de 25% des Canadiens d\u00e9pensaient plus que le seuil de l\u2019accessibilit\u00e9 pour le logement, soit 30% de leur revenu. \u00c0 ce jour, l\u2019ajout de logements locatifs d\u00e9di\u00e9s ne r\u00e9pond toujours pas \u00e0 la demande; de plus, les taux d\u2019inoccupation continuent de baisser partout au pays.<\/p>\n<p>En tant que vincentiens, nous observons constamment la d\u00e9vastation que le manque de logements sains, s\u00e9curitaires et abordables cause \u00e0 nos voisins dans le besoin. Nous voyons comment les familles doivent souvent choisir entre payer leur loyer ou acheter la nourriture ou les m\u00e9dicaments qu\u2019il leur faut. D\u2019autres acceptent des logements inf\u00e9rieurs aux normes ou m\u00eame dangereux parce qu\u2019ils sont moins chers, ce qui lib\u00e8re des fonds pour d\u2019autres n\u00e9cessit\u00e9s. Et encore d\u2019autres, qui pouvaient autrefois se permettre un logement convenable, sont plus souvent en itin\u00e9rance \u00e0 cause de march\u00e9s immobiliers o\u00f9 les loyers abordables ont disparu. Devant de telles r\u00e9alit\u00e9s, il nous faut agir et d\u00e9fendre les int\u00e9r\u00eats de nos voisins dans le besoin.<\/p>\n<p>Le th\u00e8me de la campagne (un logement sain, s\u00e9curitaire et abordable est un droit fondamental) implique que les gouvernements et la soci\u00e9t\u00e9 doivent agir en mati\u00e8re de logement et d\u2019itin\u00e9rance. Bref, il leur faut \u00ab\u00a0reconna\u00eetre juridiquement le droit au logement, s\u2019engager \u00e0 instaurer l\u2019\u00e9galit\u00e9, ainsi qu\u2019adopter des objectifs et des \u00e9ch\u00e9ances mesurables, un plan d\u2019ensemble et des mesures de responsabilisation\u00a0\u00bb.<\/p>\n<p>En incitant les gouvernements et la soci\u00e9t\u00e9 \u00e0 reconna\u00eetre le logement comme un droit fondamental, nous honorons l\u2019enseignement social catholique sur la dignit\u00e9 humaine, soit sur nos droits personnels et nos responsabilit\u00e9s envers autrui, et sur la protection pr\u00e9f\u00e9rentielle des pauvres.<\/p>\n<p>La campagne vise \u00e0 sensibiliser les vincentiens, les paroisses et la grande communaut\u00e9 aux d\u00e9fis du logement, et \u00e0 promouvoir le vrai progr\u00e8s \u00e0 cet \u00e9gard. Nous nous engageons dans ce travail en partenariat avec les personnes que nous servons.<\/p>\n<p>En 2020,\u00a0<em>Les Temps Changent\u00a0<\/em>mettra pleins feux sur cette campagne nationale de trois ans \u00e0 l\u2019aide de mises \u00e0 jour stimulantes, de donn\u00e9es r\u00e9v\u00e9latrices et d\u2019histoires percutantes sur la fa\u00e7on dont la crise du logement nous touche tous et toutes\u2026 et surtout, les plus vuln\u00e9rables.<\/p>\n<p>Pour que cette campagne r\u00e9ussisse, les vincentiens de partout au Canada et \u00e0 tous les niveaux doivent s\u2019y engager concr\u00e8tement, et les conf\u00e9rences locales seront les pierres angulaires de cet engagement. Si nous comptons sur notre conseil et sur nos leaders nationaux et r\u00e9gionaux, ce sont les membres des conf\u00e9rences qui animeront cet effort. Vous connaissez vos communaut\u00e9s, votre gouvernement local et les besoins de ceux que nous servons. Vous connaissez aussi des groupes ou des organismes communautaires qui partagent nos objectifs et feraient de bons partenaires. Vous connaissez votre paroisse et votre pasteur, ce qui vous permet d\u2019informer votre communaut\u00e9 spirituelle et de l\u2019engager dans la campagne.<\/p>\n<p>Notre comit\u00e9 national de la campagne, le comit\u00e9 national de justice sociale et notre r\u00e9seau national de comit\u00e9s de justice sociale et de repr\u00e9sentants veulent bien relever les d\u00e9fis de cette campagne. Le comit\u00e9 national de la campagne vous fournira du mat\u00e9riel de soutien par divers m\u00e9dias sociaux. Nous comptons en outre \u00e9laborer un plan de communication efficace non seulement pour informer la collectivit\u00e9 vincentienne au sujet de la campagne, mais aussi pour recueillir vos commentaires et vos suggestions sur les fa\u00e7ons de renforcer la campagne. Autre objectif de la campagne\u00a0: montrer comment le choix d\u2019un th\u00e8me comme celui-ci illustre la justice sociale en action.<\/p>\n<p>Rappelons en outre que le th\u00e8me \u00ab\u00a0un logement sain, s\u00e9curitaire et abordable est un droit fondamental\u00a0\u00bb repr\u00e9sente en fait un enjeu mondial. Plusieurs initiatives vincentiennes li\u00e9es au logement et \u00e0 l\u2019itin\u00e9rance figureront donc dans les prochains num\u00e9ros du bulletin\u00a0<em>Les Temps Changent<\/em>.<\/p>\n<p>L\u2019ONU entreprend \u00e9galement des actions pour contrer l\u2019itin\u00e9rance \u00e0 l\u2019\u00e9chelle mondiale. On y retrouve, par exemple, un groupe de travail d\u2019ONG (organisations non gouvernementales) qui comprend plusieurs branches de la famille vincentienne, dont la Soci\u00e9t\u00e9 de Saint-Vincent de Paul.<\/p>\n<p>Enfin, nous ne pouvons pas passer sous silence le soutien du Pape Fran\u00e7ois dans cette cause, qui affirme ce qui suit\u00a0:\u00a0<em>Le manque de logements est un grave probl\u00e8me&#8230; puisque les budgets des \u00c9tats ne r\u00e9pondent g\u00e9n\u00e9ralement qu\u2019\u00e0 une petite partie de la demande.<\/em><\/p>\n<p>Veuillez nous soutenir pendant cette campagne par vos paroles, vos actions et vos pri\u00e8res.<\/p>\n<p><em>Comit\u00e9 national d\u2019action pour le logement sain, s\u00e9curitaire et abordable<br \/>\nComit\u00e9 national pour la justice sociale<\/em><\/p>\n<p>&nbsp;<br \/>\n<a href=\"https:\/\/ssvp.ca\/wp-content\/uploads\/2021\/11\/sj-jan-2020-f.pdf\" target=\"_blank\" rel=\"noopener\"><img decoding=\"async\" class=\"alignnone size-full wp-image-8537\" src=\"https:\/\/ssvp.ca\/wp-content\/uploads\/2021\/11\/pdf-b.png\" alt=\"\" width=\"77\" height=\"100\" \/><\/a><a href=\"https:\/\/ssvp.ca\/wp-content\/uploads\/2021\/11\/sj-dec-2019-e-1.pdf\">Les-Temps-Changent-Janvier-2020<\/a><\/p>\n","protected":false},"excerpt":{"rendered":"<p>Un logement sain, s\u00e9curitaire et abordable est un droit fondamental Un rapport de 2016 du Comit\u00e9 des Nations Unies sur les droits \u00e9conomiques, sociaux et culturels a critiqu\u00e9 le Canada pour sa \u00ab\u00a0crise persistante du logement\u00a0\u00bb. De plus, en 2017, Statistique Canada a r\u00e9v\u00e9l\u00e9 que plus de 25% des Canadiens d\u00e9pensaient plus que le seuil [&hellip;]<\/p>\n","protected":false},"featured_media":0,"template":"","publication-category":[68],"class_list":["post-11171","publications","type-publications","status-publish","hentry","publication-category-justice-sociale-infolettres"],"acf":[],"_links":{"self":[{"href":"https:\/\/ssvp.ca\/fr\/wp-json\/wp\/v2\/publications\/11171","targetHints":{"allow":["GET"]}}],"collection":[{"href":"https:\/\/ssvp.ca\/fr\/wp-json\/wp\/v2\/publications"}],"about":[{"href":"https:\/\/ssvp.ca\/fr\/wp-json\/wp\/v2\/types\/publications"}],"wp:attachment":[{"href":"https:\/\/ssvp.ca\/fr\/wp-json\/wp\/v2\/media?parent=11171"}],"wp:term":[{"taxonomy":"publication-category","embeddable":true,"href":"https:\/\/ssvp.ca\/fr\/wp-json\/wp\/v2\/publication-category?post=11171"}],"curies":[{"name":"wp","href":"https:\/\/api.w.org\/{rel}","templated":true}]}}

<p align="center"><strong>Un logement sain, sécuritaire et abordable est un droit fondamental</strong></p>
<p>Un rapport de 2016 du Comité des Nations Unies sur les droits économiques, sociaux et culturels a critiqué le Canada pour sa « crise persistante du logement ». De plus, en 2017, Statistique Canada a révélé que plus de 25% des Canadiens dépensaient plus que le seuil de l’accessibilité pour le logement, soit 30% de leur revenu. À ce jour, l’ajout de logements locatifs dédiés ne répond toujours pas à la demande; de plus, les taux d’inoccupation continuent de baisser partout au pays.</p>
<p>En tant que vincentiens, nous observons constamment la dévastation que le manque de logements sains, sécuritaires et abordables cause à nos voisins dans le besoin. Nous voyons comment les familles doivent souvent choisir entre payer leur loyer ou acheter la nourriture ou les médicaments qu’il leur faut. D’autres acceptent des logements inférieurs aux normes ou même dangereux parce qu’ils sont moins chers, ce qui libère des fonds pour d’autres nécessités. Et encore d’autres, qui pouvaient autrefois se permettre un logement convenable, sont plus souvent en itinérance à cause de marchés immobiliers où les loyers abordables ont disparu. Devant de telles réalités, il nous faut agir et défendre les intérêts de nos voisins dans le besoin.</p>
<p>Le thème de la campagne (un logement sain, sécuritaire et abordable est un droit fondamental) implique que les gouvernements et la société doivent agir en matière de logement et d’itinérance. Bref, il leur faut « reconnaître juridiquement le droit au logement, s’engager à instaurer l’égalité, ainsi qu’adopter des objectifs et des échéances mesurables, un plan d’ensemble et des mesures de responsabilisation ».</p>
<p>En incitant les gouvernements et la société à reconnaître le logement comme un droit fondamental, nous honorons l’enseignement social catholique sur la dignité humaine, soit sur nos droits personnels et nos responsabilités envers autrui, et sur la protection préférentielle des pauvres.</p>
<p>La campagne vise à sensibiliser les vincentiens, les paroisses et la grande communauté aux défis du logement, et à promouvoir le vrai progrès à cet égard. Nous nous engageons dans ce travail en partenariat avec les personnes que nous servons.</p>
<p>En 2020, <em>Les Temps Changent </em>mettra pleins feux sur cette campagne nationale de trois ans à l’aide de mises à jour stimulantes, de données révélatrices et d’histoires percutantes sur la façon dont la crise du logement nous touche tous et toutes… et surtout, les plus vulnérables.</p>
<p>Pour que cette campagne réussisse, les vincentiens de partout au Canada et à tous les niveaux doivent s’y engager concrètement, et les conférences locales seront les pierres angulaires de cet engagement. Si nous comptons sur notre conseil et sur nos leaders nationaux et régionaux, ce sont les membres des conférences qui animeront cet effort. Vous connaissez vos communautés, votre gouvernement local et les besoins de ceux que nous servons. Vous connaissez aussi des groupes ou des organismes communautaires qui partagent nos objectifs et feraient de bons partenaires. Vous connaissez votre paroisse et votre pasteur, ce qui vous permet d’informer votre communauté spirituelle et de l’engager dans la campagne.</p>
<p>Notre comité national de la campagne, le comité national de justice sociale et notre réseau national de comités de justice sociale et de représentants veulent bien relever les défis de cette campagne. Le comité national de la campagne vous fournira du matériel de soutien par divers médias sociaux. Nous comptons en outre élaborer un plan de communication efficace non seulement pour informer la collectivité vincentienne au sujet de la campagne, mais aussi pour recueillir vos commentaires et vos suggestions sur les façons de renforcer la campagne. Autre objectif de la campagne : montrer comment le choix d’un thème comme celui-ci illustre la justice sociale en action.</p>
<p>Rappelons en outre que le thème « un logement sain, sécuritaire et abordable est un droit fondamental » représente en fait un enjeu mondial. Plusieurs initiatives vincentiennes liées au logement et à l’itinérance figureront donc dans les prochains numéros du bulletin <em>Les Temps Changent</em>.</p>
<p>L’ONU entreprend également des actions pour contrer l’itinérance à l’échelle mondiale. On y retrouve, par exemple, un groupe de travail d’ONG (organisations non gouvernementales) qui comprend plusieurs branches de la famille vincentienne, dont la Société de Saint-Vincent de Paul.</p>
<p>Enfin, nous ne pouvons pas passer sous silence le soutien du Pape François dans cette cause, qui affirme ce qui suit : <em>Le manque de logements est un grave problème&#8230; puisque les budgets des États ne répondent généralement qu’à une petite partie de la demande.</em></p>
<p>Veuillez nous soutenir pendant cette campagne par vos paroles, vos actions et vos prières.</p>
<p><em>Comité national d’action pour le logement sain, sécuritaire et abordable<br />
Comité national pour la justice sociale</em></p>
<p>&nbsp;<br />
<a href="https://ssvp.ca/wp-content/uploads/2021/11/sj-jan-2020-f.pdf" target="_blank" rel="noopener"><img decoding="async" class="alignnone size-full wp-image-8537" src="https://ssvp.ca/wp-content/uploads/2021/11/pdf-b.png" alt="" width="77" height="100" /></a><a href="https://ssvp.ca/wp-content/uploads/2021/11/sj-dec-2019-e-1.pdf">Les-Temps-Changent-Janvier-2020</a></p>

<p>Un logement sain, sécuritaire et abordable est un droit fondamental Un rapport de 2016 du Comité des Nations Unies sur les droits économiques, sociaux et culturels a critiqué le Canada pour sa « crise persistante du logement ». De plus, en 2017, Statistique Canada a révélé que plus de 25% des Canadiens dépensaient plus que le seuil [&hellip;]</p>
