{"id":14125,"date":"2022-02-16T14:54:17","date_gmt":"2022-02-16T14:54:17","guid":{"rendered":"https:\/\/ssvp.ca\/members\/committees\/formation\/"},"modified":"2025-09-19T08:26:22","modified_gmt":"2025-09-19T12:26:22","slug":"formation","status":"publish","type":"members","link":"https:\/\/ssvp.ca\/fr\/members\/committees\/formation\/","title":{"rendered":"Formation"},"content":{"rendered":"\t\t<div data-elementor-type=\"wp-post\" data-elementor-id=\"14125\" class=\"elementor elementor-14125 elementor-14098\" data-elementor-post-type=\"members\">\n\t\t\t\t\t\t<section class=\"elementor-section elementor-top-section elementor-element elementor-element-8e6f6bb elementor-section-boxed elementor-section-height-default elementor-section-height-default\" data-id=\"8e6f6bb\" data-element_type=\"section\" data-e-type=\"section\" data-settings=\"{&quot;jet_parallax_layout_list&quot;:[]}\">\n\t\t\t\t\t\t<div class=\"elementor-container elementor-column-gap-default\">\n\t\t\t\t\t<div class=\"elementor-column elementor-col-100 elementor-top-column elementor-element elementor-element-f7902de\" data-id=\"f7902de\" data-element_type=\"column\" data-e-type=\"column\">\n\t\t\t<div class=\"elementor-widget-wrap elementor-element-populated\">\n\t\t\t\t\t\t<div class=\"elementor-element elementor-element-404b412 elementor-widget elementor-widget-heading\" data-id=\"404b412\" data-element_type=\"widget\" data-e-type=\"widget\" data-widget_type=\"heading.default\">\n\t\t\t\t<div class=\"elementor-widget-container\">\n\t\t\t\t\t<h2 class=\"elementor-heading-title elementor-size-default\">Comit\u00e9 de formation<\/h2>\t\t\t\t<\/div>\n\t\t\t\t<\/div>\n\t\t\t\t\t<\/div>\n\t\t<\/div>\n\t\t\t\t\t<\/div>\n\t\t<\/section>\n\t\t\t\t<section class=\"elementor-section elementor-top-section elementor-element elementor-element-00dedcd elementor-section-boxed elementor-section-height-default elementor-section-height-default\" data-id=\"00dedcd\" data-element_type=\"section\" data-e-type=\"section\" data-settings=\"{&quot;jet_parallax_layout_list&quot;:[]}\">\n\t\t\t\t\t\t<div class=\"elementor-container elementor-column-gap-default\">\n\t\t\t\t\t<div class=\"elementor-column elementor-col-100 elementor-top-column elementor-element elementor-element-192db70\" data-id=\"192db70\" data-element_type=\"column\" data-e-type=\"column\">\n\t\t\t<div class=\"elementor-widget-wrap elementor-element-populated\">\n\t\t\t\t\t\t<div class=\"elementor-element elementor-element-648237a elementor-widget elementor-widget-text-editor\" data-id=\"648237a\" data-element_type=\"widget\" data-e-type=\"widget\" data-widget_type=\"text-editor.default\">\n\t\t\t\t<div class=\"elementor-widget-container\">\n\t\t\t\t\t\t\t\t\t<p>La formation est le parcours d&rsquo;apprentissage qu&rsquo;un Vincentien entreprend pour d\u00e9velopper la tradition, le charisme et la spiritualit\u00e9 de la Soci\u00e9t\u00e9 de Saint-Vincent de Paul.<\/p><br><p>L&rsquo;objectif du Comit\u00e9 de formation est de d\u00e9velopper du mat\u00e9riel de formation pour aider les Vincentiens \u00e0 d\u00e9velopper leurs comp\u00e9tences et leurs connaissances afin de mener \u00e0 bien les travaux de la Soci\u00e9t\u00e9 pour aider les voisins dans le besoin.<\/p><br><p>Cela comprend la cr\u00e9ation de mat\u00e9riel de formation qui d\u00e9veloppe et soutient les travaux des conf\u00e9rences et des conseils, l&rsquo;orientation des nouveaux membres et le d\u00e9veloppement continu des comp\u00e9tences de tous les membres. Les m\u00e9thodes d&rsquo;ex\u00e9cution comprennent des ateliers de \u00ab formation des formateurs \u00bb \u00e0 l&rsquo;intention des formateurs d\u00e9sign\u00e9s dans chaque r\u00e9gion pour aider \u00e0 mettre en place des formations hautement prioritaires.<\/p><br><p>Notre comit\u00e9 est compos\u00e9 de repr\u00e9sentants de chacune des cinq r\u00e9gions canadiennes qui contribuent \u00e0 la conception du mat\u00e9riel de formation, veillant \u00e0 ce que les besoins et les particularit\u00e9s de leur r\u00e9gion soient pris en compte, ainsi que d&rsquo;un membre du conseil d&rsquo;administration national.<\/p><br><p>Pr\u00e9sidente du comit\u00e9 de formation : Pat Lenz<br \/>\r\nRepr\u00e9sentant de la r\u00e9gion de l&rsquo;Atlantique : Marion Clorey <br \/>\r\nRepr\u00e9sentant de la r\u00e9gion de la Colombie-Britannique et du Yukon : Norah Wilsdon <br \/>\r\nRepr\u00e9sentant de la r\u00e9gion de l&rsquo;Ontario : Pat Lenz<br \/>\r\nRepr\u00e9sentante de la r\u00e9gion de l&rsquo;Ouest : Fiona Nicholson<br \/>\r\nRepr\u00e9sentant de la r\u00e9gion du Qu\u00e9bec : Recrutement de membres<br \/>\r\nLiaison avec le conseil national : Heather Schilling, pr\u00e9sidente du Conseil r\u00e9gional de l&rsquo;Ouest<\/p><br><p>Si vous avez des questions, des suggestions ou des id\u00e9es, veuillez nous contacter \u00e0 l&rsquo;adresse suivante <a href=\"mailto:formation@ssvp.ca\">formation@ssvp.ca<\/a>.<\/p><br><p>&nbsp;<\/p><br><p>&nbsp;<\/p><br><p>Veuillez suivre ce lien pour acc\u00e9der aux ressources de formation : <a href=\"https:\/\/ssvp.ca\/fr\/members\/formation-ressources\/\">Formation et ressources<\/a><\/p>\t\t\t\t\t\t\t\t<\/div>\n\t\t\t\t<\/div>\n\t\t\t\t\t<\/div>\n\t\t<\/div>\n\t\t\t\t\t<\/div>\n\t\t<\/section>\n\t\t\t\t<\/div>\n\t\t","protected":false},"excerpt":{"rendered":"<p>Modules de formation pour les sessions d&rsquo;orientation des nouveaux membres ou comme mises \u00e0 jour pour les membres existants.<\/p>\n","protected":false},"featured_media":14146,"parent":9317,"menu_order":0,"template":"","class_list":["post-14125","members","type-members","status-publish","has-post-thumbnail","hentry"],"acf":[],"_links":{"self":[{"href":"https:\/\/ssvp.ca\/fr\/wp-json\/wp\/v2\/members\/14125","targetHints":{"allow":["GET"]}}],"collection":[{"href":"https:\/\/ssvp.ca\/fr\/wp-json\/wp\/v2\/members"}],"about":[{"href":"https:\/\/ssvp.ca\/fr\/wp-json\/wp\/v2\/types\/members"}],"version-history":[{"count":0,"href":"https:\/\/ssvp.ca\/fr\/wp-json\/wp\/v2\/members\/14125\/revisions"}],"up":[{"embeddable":true,"href":"https:\/\/ssvp.ca\/fr\/wp-json\/wp\/v2\/members\/9317"}],"wp:featuredmedia":[{"embeddable":true,"href":"https:\/\/ssvp.ca\/fr\/wp-json\/wp\/v2\/media\/14146"}],"wp:attachment":[{"href":"https:\/\/ssvp.ca\/fr\/wp-json\/wp\/v2\/media?parent=14125"}],"curies":[{"name":"wp","href":"https:\/\/api.w.org\/{rel}","templated":true}]}}

<div data-elementor-type="wp-post" data-elementor-id="14125" class="elementor elementor-14125 elementor-14098" data-elementor-post-type="members">
						<section class="elementor-section elementor-top-section elementor-element elementor-element-8e6f6bb elementor-section-boxed elementor-section-height-default elementor-section-height-default" data-id="8e6f6bb" data-element_type="section" data-e-type="section" data-settings="{&quot;jet_parallax_layout_list&quot;:[]}">
						<div class="elementor-container elementor-column-gap-default">
					<div class="elementor-column elementor-col-100 elementor-top-column elementor-element elementor-element-f7902de" data-id="f7902de" data-element_type="column" data-e-type="column">
			<div class="elementor-widget-wrap elementor-element-populated">
						<div class="elementor-element elementor-element-404b412 elementor-widget elementor-widget-heading" data-id="404b412" data-element_type="widget" data-e-type="widget" data-widget_type="heading.default">
				<div class="elementor-widget-container">
					<h2 class="elementor-heading-title elementor-size-default">Comité de formation</h2>				</div>
				</div>
					</div>
		</div>
					</div>
		</section>
				<section class="elementor-section elementor-top-section elementor-element elementor-element-00dedcd elementor-section-boxed elementor-section-height-default elementor-section-height-default" data-id="00dedcd" data-element_type="section" data-e-type="section" data-settings="{&quot;jet_parallax_layout_list&quot;:[]}">
						<div class="elementor-container elementor-column-gap-default">
					<div class="elementor-column elementor-col-100 elementor-top-column elementor-element elementor-element-192db70" data-id="192db70" data-element_type="column" data-e-type="column">
			<div class="elementor-widget-wrap elementor-element-populated">
						<div class="elementor-element elementor-element-648237a elementor-widget elementor-widget-text-editor" data-id="648237a" data-element_type="widget" data-e-type="widget" data-widget_type="text-editor.default">
				<div class="elementor-widget-container">
									<p>La formation est le parcours d&rsquo;apprentissage qu&rsquo;un Vincentien entreprend pour développer la tradition, le charisme et la spiritualité de la Société de Saint-Vincent de Paul.</p><br><p>L&rsquo;objectif du Comité de formation est de développer du matériel de formation pour aider les Vincentiens à développer leurs compétences et leurs connaissances afin de mener à bien les travaux de la Société pour aider les voisins dans le besoin.</p><br><p>Cela comprend la création de matériel de formation qui développe et soutient les travaux des conférences et des conseils, l&rsquo;orientation des nouveaux membres et le développement continu des compétences de tous les membres. Les méthodes d&rsquo;exécution comprennent des ateliers de « formation des formateurs » à l&rsquo;intention des formateurs désignés dans chaque région pour aider à mettre en place des formations hautement prioritaires.</p><br><p>Notre comité est composé de représentants de chacune des cinq régions canadiennes qui contribuent à la conception du matériel de formation, veillant à ce que les besoins et les particularités de leur région soient pris en compte, ainsi que d&rsquo;un membre du conseil d&rsquo;administration national.</p><br><p>Présidente du comité de formation : Pat Lenz<br />
Représentant de la région de l&rsquo;Atlantique : Marion Clorey <br />
Représentant de la région de la Colombie-Britannique et du Yukon : Norah Wilsdon <br />
Représentant de la région de l&rsquo;Ontario : Pat Lenz<br />
Représentante de la région de l&rsquo;Ouest : Fiona Nicholson<br />
Représentant de la région du Québec : Recrutement de membres<br />
Liaison avec le conseil national : Heather Schilling, présidente du Conseil régional de l&rsquo;Ouest</p><br><p>Si vous avez des questions, des suggestions ou des idées, veuillez nous contacter à l&rsquo;adresse suivante <a href="mailto:formation@ssvp.ca">formation@ssvp.ca</a>.</p><br><p>&nbsp;</p><br><p>&nbsp;</p><br><p>Veuillez suivre ce lien pour accéder aux ressources de formation : <a href="https://ssvp.ca/fr/members/formation-ressources/">Formation et ressources</a></p>								</div>
				</div>
					</div>
		</div>
					</div>
		</section>
				</div>

<p>Modules de formation pour les sessions d&rsquo;orientation des nouveaux membres ou comme mises à jour pour les membres existants.</p>
